 (70 + -66).
-2
Calculate (3 - 0 - (-4 - -5)) + -6.
-4
Evaluate (0 - -7) + -7 - -2.
2
Calculate (1 - 1 - 2) + -5 + 11.
4
Evaluate 0 + 3 + -5 - -1 - 1.
-2
What is the value of 2 + 2 + (-3 - -4 - 3)?
2
Calculate -4 + (-3 - -6) + (-5 - -1).
-5
-7 - ((13 - 8) + -5 - 5)
-2
What is 1 + (0 - 4) + 3 - 4?
-4
What is the value of -3 + 4 + -7 - (0 + -7)?
1
Evaluate 0 - (4 - 2 - 3) - -6.
7
Evaluate 3 - -1 - (-13 - -12).
5
Calculate -18 + 20 + (10 - 5).
7
Evaluate (-1 - (-17 + 8)) + -5.
3
-9 - (-4 - (-2 - -3))
-4
What is (0 - -1) + (-7 - (7 - 13))?
0
Calculate (7 - 11) + (-3 + -1 - -4).
-4
-1 + -3 + 4 + -1 + 2
1
Evaluate -2 - (-5 + 5 - (3 + 3)).
4
(22 - 28) + -1 + -2 + 4
-5
Calculate -1 - (-4 + 21 + -7) - -5.
-6
What is the value of (1 - -2) + (0 - 0)?
3
Calculate 3 + -5 + 0 + 4 - 1.
1
What is the value of 1 + (-2 + 1 + -1 - 0)?
-1
4 + (-1 - 1 - 6 - -3)
-1
Calculate -4 + 4 + 1 - 2 - 6.
-7
What is the value of (7 - (7 - 3)) + -2?
1
What is the value of -3 + 5 - (-2 - (-4 - 1))?
-1
Evaluate -4 - (-6 + 10 + -3 - 0).
-5
Evaluate -1 + -1 + (-3 - (-9 + 4)).
0
What is the value of 3 + -1 + 4 - 4?
2
What is the value of -1 - (-1 - -2 - (8 - 5))?
1
What is 4 + (-2 + -2 - 5)?
-5
What is the value of -1 + 7 + -3 + 1?
4
Calculate (0 - 2 - -8) + (29 - 31).
4
9 + -7 + 4 + (2 - 7)
1
(1 - -4 - -2) + -2
5
What is the value of -13 - ((5 + -9 - 2) + 1)?
-8
What is 4 + 5 + (6 - 16)?
-1
What is 12 - 7 - (9 - 1)?
-3
What is 1 + 0 + 1 + (4 - 14)?
-8
Calculate 8 - (-1 - (-19 + 8)).
-2
What is the value of -13 + -8 - -11 - (-7 - 1)?
-2
Evaluate -4 - (-8 - (5 - 8)).
1
What is the value of 8 - (3 - (2 + 2 + -4))?
5
0 + 1 + -3 - (-2 - 4)
4
(-1 - 0) + (1 - (0 - -3))
-3
Calculate -2 + 1 + -3 + 3.
-1
-14 + 10 - (-1 - 0)
-3
What is the value of (-1 - 32) + 16 + 7 + 0?
-10
-1 + 2 + (1 - 2)
0
3 + -1 + 2 - (-11 - -12)
3
3 + -2 + (2 - 5)
-2
Evaluate 4 + 0 + (1 - 4).
1
What is the value of -2 - (8 - -4) - -14?
0
Calculate (0 - (1 + -3)) + (36 - 37).
1
What is the value of (-11 - -3) + 12 + -1?
3
What is the value of (1 - -9) + 9 + -5 + -8?
6
What is the value of -5 + -2 - ((-9 - -5) + 2)?
-5
Evaluate 9 + (-13 - -5) + -1.
0
What is the value of 1 + (2 - -11 - 13)?
1
3 + (-11 - (-3 + -1))
-4
-9 + (-4 - (2 - 12))
-3
Evaluate 2 + (1 - -1) + (1 - 0).
5
What is the value of (2 - 7) + 0 + 7?
2
What is (-15 - -4) + 12 - 3?
-2
What is 116 + -121 - ((0 - 8) + -1)?
4
What is 1 - (2 - (-2 + 5) - -4)?
-2
2 + 1 + (-13 - -1 - -17)
8
Evaluate 0 + (-2 + 5 - 2 - -2).
3
Calculate 3 + 2 - (1 - -3).
1
What is the value of -69 + 89 - (12 + -1)?
9
What is the value of -4 - (4 + -4 + 3)?
-7
5 - 1 - (-6 - -9 - 8)
9
Evaluate 3 + (-3 - -2) + -4.
-2
What is the value of -10 - -10 - (-1 + 3)?
-2
Evaluate (7 - (5 + 0)) + (4 - 1).
5
(17 - 12) + (1 - -4) - 6
4
Calculate (3 - 4 - -6) + -2 + 0.
3
What is (-30 - (1 + -19)) + 2 + 1?
-9
What is -11 + 6 - (-1 - (-2 + 15))?
9
-6 + 2 + 11 + (6 - 13)
0
Calculate -2 - (3 + -6 - -1) - 4.
-4
What is the value of (-1 - -5) + -4 - (-1 - 3)?
4
Calculate -12 + -6 + 13 + -1 + 5.
-1
(4 - (-7 + 8)) + -7
-4
What is the value of (-1 - 1) + 1 - -6?
5
Calculate 0 + 8 - (8 - (10 - 5)).
5
Evaluate 5 - (-4 - -4 - -10).
-5
What is the value of (-1 - 3 - 5) + 4?
-5
What is the value of 2 + 0 - ((23 - 9) + -8)?
-4
Calculate (-2 - -6) + (-5 - (3 + -10)).
6
What is the value of -6 + 14 - 14 - -7?
1
What is 2 + 2 + -2 + 0 + -5?
-3
Calculate -5 + (0 + -4 - -21) + -6.
6
What is (-4 - -10) + (-1 - 4)?
1
What is 9 + 0 + -4 + (0 - 0)?
5
Evaluate -1 + 5 + -6 - -6.
4
What is the value of -3 + 1 + -22 + 23?
-1
Calculate 4 + -6 + 7 + 1 + -2.
4
-9 + (-3 - 6) + 18
0
What is 22 - 17 - (1 - -1)?
3
Calculate 1 - (2 + -3 + 3).
-1
Calculate -2 - (-7 - (-4 - 4)) - -13.
10
What is 1 + -1 + 3 + -8 + 4?
-1
What is (25 - 26) + (-2 + 1 - 6)?
-8
What is the value of (0 - 3) + -3 + 1?
-5
Calculate -9 + (1 - (-5 + -1)).
-2
Calculate -8 + 12 - (7 - 10).
7
0 + -1 - (2 + -4)
1
What is 2 - 8 - (0 + (1 - 3))?
-4
Evaluate -9 - -10 - (2 - 6).
5
Calculate 3 - ((-7 - -3) + 2).
5
(1 - -11) + 1 + -17
-4
9 - ((-4 - 1) + 7 + 2)
5
What is 0 - -1 - (-7 - 0 - -2)?
6
Evaluate 1 - (3 + -4 + 4 + -3).
1
Evaluate -1 + (-1 - 3) + 7.
2
Evaluate (0 - (6 + -5)) + 4.
3
What is 6 + -14 + 12 + -4?
0
What is 5 + 3 + 3 + -7?
4
Calculate -6 + 0 + (-1 - 6) + 16.
3
What is the value of 2 + -8 + 1 - -5?
0
-12 - (-14 - (-11 - -2))
-7
Evaluate -1 - (0 + 3 + 1).
-5
Evaluate 13 + (5 + 5 - 18).
5
-3 - (-9 - 0) - 1
5
What is -2 - -5 - -1 - 0?
4
What is 5 + (-4 - -3) + -3 + 2?
3
What is 3 + (-2 + -3 - -1) + 2?
1
Calculate -5 + 9 - (1 - (1 + -1)).
3
0 + (7 - 4 - 1) + -4
-2
(5 - (-4 - -1)) + -3
5
Evaluate 3 + -2 + -27 + 26.
0
18 + -23 - (3 - 11)
3
Evaluate (0 - -1) + (-11 - -13).
3
What is 6 + (3 - 13) - (0 - -3)?
-7
What is -4 + 2 + -2 - 0?
-4
Calculate (6 - ((1 - -2) + 0)) + 0.
3
Evaluate 0 - (-6 - (4 + -12)).
-2
Evaluate -1 + 8 + -18 - -7.
-4
What is 6 + -1 + 1 + -5?
1
Evaluate -4 - 2 - -3 - 2.
-5
What is the value of (4 + -4 - 0) + 1 + 2?
3
Calculate -11 + 11 + (5 - 2) + 2.
5
What is the value of 2 + 2 - (3 + (10 - 6))?
-3
-16 + 8 + 0 + (14 - -1)
7
What is the value of 16 - 11 - (1 + 0 - -2)?
2
Calculate -2 + 5 + (-3 - (5 - 2)).
-3
Evaluate -36 + 31 + (-1 - -9).
3
Calculate -4 - 0 - (-24 - (4 - 21)).
3
4 - (5 - (2 + -1))
0
Calculate -8 + (8 - 3) + -2 + 11.
6
What is 2 + -1 + 0 - (2 - -1)?
-2
What is 0 + -6 - (-5 + 5)?
-6
Calculate 7 + -1 + (79 - 86).
-1
What is the value of -6 + (-4 - 2 - -4) + 6?
-2
-17 + 3 + 2 - -11
-1
0 - (-3 - 2 - -2)
3
Calculate -2 - -5 - (-7 + 8).
2
What is the value of 2 + -5 + 9 + -8?
-2
Evaluate 10 + -16 + 12 + -1.
5
What is the value of -2 + 4 + (2 - 0)?
4
What is the value of 5 - ((-1 - -5) + -5 - -8)?
-2
Evaluate -2 + -4 - (-1 + (-5 - -5)).
-5
Calculate (0 - 1) + -6 - -3.
-4
9 - (-2 - (-9 + 4) - -1)
5
What is 6 - 0 - 5 - 3?
-2
Calculate 45 - 46 - (2 - (-1 - -6)).
2
2 + -3 + -2 + (-2 - -9)
4
What is (9 - 7) + -7 + 1?
-4
What is the value of 6 + (4 - -1 - 17)?
-6
Calculate -7 + (3 - 7) + 7 - -2.
-2
What is -3 - -8 - (9 + 0)?
-4
What is 14 + 1 + (-18 - -8)?
5
Evaluate (-1 - 0) + -2 - (-39 + 34).
2
Evaluate -14 - -1 - -5 - (5 - 8).
-5
Evaluate 12 + (-31 - -26) + 1 + -3.
5
What is (-1 - 2) + (12 - 4)?
5
What is the value of -1 + 5 + 54 + -64?
-6
Calculate 1 - 5 - -3 - -2.
1
Calculate -4 - (1 + -6) - 5 - 0.
-4
Evaluate 4 + -7 + -11 + 9.
-5
What is the value of 4 + (-1 - (-6 + 8))?
1
Calculate 1 + -3 - (11 - 15).
2
What is -4 - (-7 + 7 + -1)?
-3
Calculate -4 - (-8 - 1 - 0) - 6.
-1
-1 + (-3 - (3 - 4))
-3
What is the value of (105 - 105) + (2 - 9)?
-7
Evaluate (9 - 2 - -6) + -10.
3
Evaluate (-28 - -31) + -1 + 1 + 1.
4
What is the value of -4 + 5 + 5 - 6?
0
What is the value of 2 + 10 + 0 + -5 + -8?
-1
-3 + 0 + (-3 - -2)
-4
Evaluate -3 - (-11 - (0 - 7 - -3)).
4
21 - 13 - (2 + 12)
-6
What is (-9 - -10) + -9 + 0?
-8
Calculate 3 - (1 + (-3 + 3 - 3)).
5
Calculate -4 + (-5 - (-4 + 0)).
-5
What is the value of (4 - -1) + (-10 - -6)?
1
0 - (4 - (1 + 6))
3
Calculate -145 - -143 - (-5 + -1).
4
Calculate 1 + -3 + (14 - 5 - 5).
2
(2 - -2) + -8 - -4
0
-18 + 18 - (-1 - 1)
2
7 + (-1 - 2) + (2 - 3)
3
7 - (-18 + 13 + 11)
1
3 + -9 - (-3 - (2 + -6))
-7
Evaluate 0 + 8 + (6 - 11).
3
0 + (3 - (4 + (-4 - -1)))
2
2 + 0 - (2 - -5)
-5
17 - 19 - (-2 + -2)
2
What is -8 + (-3 - (-7 - -2))?
-6
0 + (3 - 7) - (-3 - 1)
0
Evaluate (-19 - (-5 - 0)) + 8.
-6
Calculate -3 - (7 - (-1 + 13)).
2
Calculate 35 - 45 - (1 + (2 - 3)).
-10
-4 - 1 - (26 + -25)
-6
Evaluate -1 + 7 + -1 + (-78 - -74).
1
(1 + -4 - 13) + 8 + -1
-9
What is the value of -1 + 1 + 3 + 10 + -16?
-3
What is the value of 2 + (1 - -4) + -9?
-2
What is the value of 1 - (-2 - (12 + -10))?
5
(-3 - -2) + -2 + (-5 - -10)
2
Calculate 3 + (1 - 2) + -7 + 1.
-4
(4 - 0) + (-14 - -15)
5
(-2 - -1) + 5 + -2
2
2 - -2 - (3 + -5 - 3)
9
Evaluate (14 - 12) + -7 + (0 - 2).
-7
3 + 1 - 3 - 0
1
What is 4 + (-4 - -2 - -1) + 0?
3
Evaluate 2 - 1 - (-2 - (1 + 0)).
4
What is -62 + 57 - (1 - 1)?
-5
What is the value of -1 + (4 - 2) - (-2 - 0)?
3
Calculate (2 - -1) + (0 - -1).
4
What is the value of 3 + (15 - 6) - 21?
-9
-7 + 8 + -6 + 3 + -4
-6
What is the value of 3 + 2 + 5 + -9 + -9?
-8
What is (-2 + -3 - (-2 + 0)) + 3?
0
What is 5 + (1 + -4 - -4)?
6
Evaluate 2 + 9 + -2 + -11.
-2
-2 + 3 + 0 - 3
-2
What is the value of 14 - (8 + -5 - -3)?
8
Calcul